{"id":1253,"date":"2019-10-30T02:57:15","date_gmt":"2019-10-30T01:57:15","guid":{"rendered":"https:\/\/vereinigungskirche.at\/?page_id=1253"},"modified":"2019-11-01T19:26:33","modified_gmt":"2019-11-01T18:26:33","slug":"datenschutz","status":"publish","type":"page","link":"https:\/\/vereinigungskirche.at\/uca\/datenschutz\/","title":{"rendered":"Datenschutz"},"content":{"rendered":"<h3>Datenschutzerkl\u00e4rung<\/h3>\n<p>&nbsp;<\/p>\n<p>Der Schutz Ihrer Daten ist uns wichtig. Wir wollen Sie daher an dieser Stelle dar\u00fcber informieren, welche personenbezogenen Daten wir in unserer Vereinigungskirche zu welchem Zweck verarbeiten.<\/p>\n<p>&nbsp;<\/p>\n<ol>\n<li>\n<h5>Ihr Besuch auf unserer Website<\/h5>\n<\/li>\n<\/ol>\n<p>&nbsp;<\/p>\n<p>Die Vereinigungskirche ist f\u00fcr die inhaltliche Gestaltung der Website verantwortlich und ist sowohl Medieninhaber als auch Herausgeber. Im Zuge Ihres Besuchs unserer Website werden wir folgende Informationen erheben<\/p>\n<p>&nbsp;<\/p>\n<ul>\n<li>Das Datum und die Uhrzeit des Aufrufs unserer Website<\/li>\n<li>Ihre IP-Adresse<\/li>\n<li>Name und Version Ihres Webbrowsers<\/li>\n<li>Und jene Informationen, die Sie selbst durch Ausf\u00fcllen des Kontaktformulars oder Registrierung f\u00fcr unseren Newsletter zur Verf\u00fcgung stellen.<\/li>\n<\/ul>\n<p>&nbsp;<\/p>\n<p>Diese Daten werden zu folgenden <strong>Zwecken<\/strong> verarbeitet:<\/p>\n<ul>\n<li>um Ihnen diese Website zur Verf\u00fcgung zu stellen,<\/li>\n<li>diese Website weiter zu verbessern und zu entwickeln<\/li>\n<li>um auf Ihre Anfragen zu antworten<\/li>\n<\/ul>\n<p>&nbsp;<\/p>\n<p>Wenn Sie auf dieser Website personenbezogene Daten eingeben, erteilen Sie uns mit der Eingabe Ihrer Daten die Zustimmung, dass wir diese Daten zum angegebenen Zweck elektronisch verwenden d\u00fcrfen. Diese Daten werden sicherverwahrt und nicht an Dritte weitergegeben. Davon ausgenommen ist die Weitergabe an staatliche Beh\u00f6rden, sofern die Vereinigungskirche gesetzlich dazu verpflichtet ist.<\/p>\n<p>&nbsp;<\/p>\n<p>Es besteht keine Verpflichtung, jene Daten, um deren Angabe wir Sie auf unserer Website bitten, tats\u00e4chlich anzugeben. Wenn Sie dies jedoch nicht tun, wird es Ihnen nicht m\u00f6glich sein, alle Funktionen der Website zu nutzen.<\/p>\n<p>&nbsp;<\/p>\n<ol start=\"2\">\n<li>\n<h5>Rechtsgrundlagen der Verarbeitung<\/h5>\n<\/li>\n<\/ol>\n<p>&nbsp;<\/p>\n<p>Die rechtliche Grundlage f\u00fcr die Verarbeitung Ihrer personenbezogenen Daten erfolgt aufgrund Ihres Besuchs auf unserer Website bzw. liegt sonst in unserem berechtigten Interesse gem\u00e4\u00df DSGVO, welches darin besteht, die oben unter Punkt 1 genannten Zwecke zu erreichen.<\/p>\n<p>&nbsp;<\/p>\n<ol start=\"3\">\n<li>\n<h5>Cookies<\/h5>\n<\/li>\n<\/ol>\n<p>&nbsp;<\/p>\n<p>Auf dieser Website werden sogenannte Cookies verwendet. Ein Cookie ist eine Datei, die auf Ihrem Computer gespeichert werden kann, wie Sie eine Website besuchen. Grunds\u00e4tzlich werden Cookies verwendet, um Nutzer\/innenzus\u00e4tzliche Funktionen auf einer Website zu bieten. Sie k\u00f6nnen zum Beispielverwendet werden, um Ihnen die Navigation auf der Website zu erleichtern, es Ihnen zu erm\u00f6glichen, eine Website dort weiter zu verwenden, wie Sie sieverlassen haben und\/oder Ihre Pr\u00e4ferenzen und Einstellungen zu speichern, wenn Sie die Website wieder besuchen. Cookies k\u00f6nnen auf keine anderen Daten auf Ihrem Computer zugreifen, diese lesen oder ver\u00e4ndern.<\/p>\n<p>&nbsp;<\/p>\n<p>Wenn Sie Cookies nicht akzeptieren m\u00f6chten, \u00e4ndern Sie bitte Ihre Browsereinstellung entsprechend. Beachten Sie, dass dadurch Funktionalit\u00e4ten der Website eingeschr\u00e4nkt werden k\u00f6nnen.<\/p>\n<p>&nbsp;<\/p>\n<ol start=\"4\">\n<li>\n<h5>\u00dcbermittlung Ihrer personenbezogenen Daten an Dritte<\/h5>\n<\/li>\n<\/ol>\n<p>&nbsp;<\/p>\n<p>Wir setzen zur sicheren Verarbeitung Ihrer personenbezogenen Daten sowie auf unserer Website auch Programme und Tools von Drittanbietern ein, mit welchen wir Auftragsverarbeitungsvereinbarungen abgeschlossen und damit sichergestellt haben, dass auch diese den Schutz Ihrer personenbezogenen Daten im Sinne der DSGVO gew\u00e4hrleisten. Dies betrifft folgende Anbieter:<\/p>\n<ul>\n<li>von eingesetzter IT-Dienstleister<\/li>\n<li>Firma WebHostingPad als Hoster unserer Website<\/li>\n<li>Google Analytics f\u00fcr die Analyse der Websitezugriffe<\/li>\n<li>Mailchimp\/Mailman f\u00fcr den Versand von Newslettern<\/li>\n<\/ul>\n<p>&nbsp;<\/p>\n<ol start=\"5\">\n<li>\n<h5>Ihre Rechte im Zusammenhang mit Ihren personenbezogenen Daten<\/h5>\n<\/li>\n<\/ol>\n<p>&nbsp;<\/p>\n<p>Ihnen stehen grunds\u00e4tzlich die Rechte auf Auskunft, Berichtigung, L\u00f6schung, Einschr\u00e4nkung, Daten\u00fcbertragbarkeit und Widerspruch zu. Daf\u00fcr wenden Sie sich an uns:<\/p>\n<p>Vereinigungskirche in \u00d6sterreich (VK\u00d6)<\/p>\n<p>Adresse: Seidengasse 28\/4, 1070 Wien<\/p>\n<p>Telefon: +43 664 5238 794<\/p>\n<p>E-Mail: office@vereinigungskirche.at<\/p>\n<p>&nbsp;<\/p>\n<p>Wenn Sie der Meinung sind, dass die Verarbeitung Ihrer Daten gegen das Datenschutzrecht verst\u00f6\u00dft oder Ihre datenschutzrechtlichen Anspr\u00fcche sonst in einer Weise verletzt worden sind, haben Sie die M\u00f6glichkeit sich an die Datenschutzbeh\u00f6rde zu wenden.<\/p>\n<p>&nbsp;<\/p>\n<ol start=\"6\">\n<li>\n<h5>Urheberrecht<\/h5>\n<\/li>\n<\/ol>\n<p>&nbsp;<\/p>\n<p>Der Inhalt dieser Homepage ist urheberrechtlich gesch\u00fctzt. Die Informationensind nur f\u00fcr die pers\u00f6nliche Verwendung bestimmt. Jede weitergehende Nutzung- insbesondere die Speicherung in Datenbanken, die Vervielf\u00e4ltigung und jede Form von gewerblicher Nutzung sowie die Weitergabe an Dritte (auch in Teilen oder in \u00fcberarbeiteter Form) &#8211; ohne Zustimmung der Vereinigungskirche ist untersagt.<\/p>\n<p>&nbsp;<\/p>\n<ol start=\"7\">\n<li>\n<h5>Haftungsausschluss<\/h5>\n<\/li>\n<\/ol>\n<p>&nbsp;<\/p>\n<p>Im Hinblick auf die technischen Eigenschaften des Internets kann keine Gew\u00e4hr f\u00fcr die Authentizit\u00e4t, Richtigkeit und Vollst\u00e4ndigkeit der im Internet zur Verf\u00fcgung gestellten Informationen \u00fcbernommen werden. Des Weiteren wird auch keine Gew\u00e4hr f\u00fcr die Verf\u00fcgbarkeit oder den Betrieb der gegenst\u00e4ndlichen Homepage und ihrer Inhalte \u00fcbernommen.<\/p>\n<p>&nbsp;<\/p>\n<p>Jede Haftung f\u00fcr unmittelbare, mittelbare oder sonstige Sch\u00e4den, unabh\u00e4ngig von deren Ursachen, die aus der Benutzung oder Nichtverf\u00fcgbarkeit der Daten und Informationen dieser Homepage erwachsen, wird, soweit rechtlich zul\u00e4ssig, ausgeschlossen.<\/p>\n<p>&nbsp;<\/p>\n<p>Die Vereinigungskirche weist darauf hin, dass f\u00fcr die Inhalte der Hyperlinks keine Verantwortung und keine Haftung \u00fcbernommen wird. Jede Einbindung einzelner Seiten oder sonstiger Ausz\u00fcge von vereinigungskirche.at in fremde Frames ist untersagt.<\/p>\n<p>&nbsp;<\/p>\n<p>Die Vereinigungskirche \u00fcberpr\u00fcft andere Webseiten, zu denen sich direkte Zugangsm\u00f6glichkeiten (Links) auf den Vereinigungskirche-Internetseiten befinden, nicht hinsichtlich Inhalt und Gesetzm\u00e4\u00dfigkeit. Die Vereinigungskirche \u00fcbernimmt keinen Einfluss auf die Gestaltung dieser Webseiten und distanziert sich ausdr\u00fccklich von den dort dargestellten, allenfalls ungesetzlichen Inhalten. Die Vereinigungskirche \u00fcbernimmt dar\u00fcber hinaus keine Verantwortung f\u00fcr solche Inhalte und haftet f\u00fcr derartige Inhalte auch nicht.<\/p>\n<p>&nbsp;<\/p>\n<p>&nbsp;<\/p>\n<p><a href=\"https:\/\/vereinigungskirche.at\/impressum\/\">Impressum<\/a><\/p>\n<p>&nbsp;<\/p>\n<p>&nbsp;<\/p>\n<p>&nbsp;<\/p>\n","protected":false},"excerpt":{"rendered":"<p>Datenschutzerkl\u00e4rung &nbsp; Der Schutz Ihrer Daten ist uns wichtig. Wir wollen Sie daher an dieser Stelle dar\u00fcber informieren, welche personenbezogenen Daten wir in unserer Vereinigungskirche zu welchem Zweck verarbeiten. &nbsp; Ihr Besuch auf unserer Website &nbsp; Die Vereinigungskirche ist f\u00fcr die inhaltliche Gestaltung der Website&#8230;<\/p>\n","protected":false},"author":1,"featured_media":0,"parent":0,"menu_order":0,"comment_status":"closed","ping_status":"closed","template":"","meta":{"footnotes":""},"class_list":["post-1253","page","type-page","status-publish","hentry"],"_links":{"self":[{"href":"https:\/\/vereinigungskirche.at\/uca\/wp-json\/wp\/v2\/pages\/1253","targetHints":{"allow":["GET"]}}],"collection":[{"href":"https:\/\/vereinigungskirche.at\/uca\/wp-json\/wp\/v2\/pages"}],"about":[{"href":"https:\/\/vereinigungskirche.at\/uca\/wp-json\/wp\/v2\/types\/page"}],"author":[{"embeddable":true,"href":"https:\/\/vereinigungskirche.at\/uca\/wp-json\/wp\/v2\/users\/1"}],"replies":[{"embeddable":true,"href":"https:\/\/vereinigungskirche.at\/uca\/wp-json\/wp\/v2\/comments?post=1253"}],"version-history":[{"count":0,"href":"https:\/\/vereinigungskirche.at\/uca\/wp-json\/wp\/v2\/pages\/1253\/revisions"}],"wp:attachment":[{"href":"https:\/\/vereinigungskirche.at\/uca\/wp-json\/wp\/v2\/media?parent=1253"}],"curies":[{"name":"wp","href":"https:\/\/api.w.org\/{rel}","templated":true}]}}

<h3>Datenschutzerklärung</h3>
<p>&nbsp;</p>
<p>Der Schutz Ihrer Daten ist uns wichtig. Wir wollen Sie daher an dieser Stelle darüber informieren, welche personenbezogenen Daten wir in unserer Vereinigungskirche zu welchem Zweck verarbeiten.</p>
<p>&nbsp;</p>
<ol>
<li>
<h5>Ihr Besuch auf unserer Website</h5>
</li>
</ol>
<p>&nbsp;</p>
<p>Die Vereinigungskirche ist für die inhaltliche Gestaltung der Website verantwortlich und ist sowohl Medieninhaber als auch Herausgeber. Im Zuge Ihres Besuchs unserer Website werden wir folgende Informationen erheben</p>
<p>&nbsp;</p>
<ul>
<li>Das Datum und die Uhrzeit des Aufrufs unserer Website</li>
<li>Ihre IP-Adresse</li>
<li>Name und Version Ihres Webbrowsers</li>
<li>Und jene Informationen, die Sie selbst durch Ausfüllen des Kontaktformulars oder Registrierung für unseren Newsletter zur Verfügung stellen.</li>
</ul>
<p>&nbsp;</p>
<p>Diese Daten werden zu folgenden <strong>Zwecken</strong> verarbeitet:</p>
<ul>
<li>um Ihnen diese Website zur Verfügung zu stellen,</li>
<li>diese Website weiter zu verbessern und zu entwickeln</li>
<li>um auf Ihre Anfragen zu antworten</li>
</ul>
<p>&nbsp;</p>
<p>Wenn Sie auf dieser Website personenbezogene Daten eingeben, erteilen Sie uns mit der Eingabe Ihrer Daten die Zustimmung, dass wir diese Daten zum angegebenen Zweck elektronisch verwenden dürfen. Diese Daten werden sicherverwahrt und nicht an Dritte weitergegeben. Davon ausgenommen ist die Weitergabe an staatliche Behörden, sofern die Vereinigungskirche gesetzlich dazu verpflichtet ist.</p>
<p>&nbsp;</p>
<p>Es besteht keine Verpflichtung, jene Daten, um deren Angabe wir Sie auf unserer Website bitten, tatsächlich anzugeben. Wenn Sie dies jedoch nicht tun, wird es Ihnen nicht möglich sein, alle Funktionen der Website zu nutzen.</p>
<p>&nbsp;</p>
<ol start="2">
<li>
<h5>Rechtsgrundlagen der Verarbeitung</h5>
</li>
</ol>
<p>&nbsp;</p>
<p>Die rechtliche Grundlage für die Verarbeitung Ihrer personenbezogenen Daten erfolgt aufgrund Ihres Besuchs auf unserer Website bzw. liegt sonst in unserem berechtigten Interesse gemäß DSGVO, welches darin besteht, die oben unter Punkt 1 genannten Zwecke zu erreichen.</p>
<p>&nbsp;</p>
<ol start="3">
<li>
<h5>Cookies</h5>
</li>
</ol>
<p>&nbsp;</p>
<p>Auf dieser Website werden sogenannte Cookies verwendet. Ein Cookie ist eine Datei, die auf Ihrem Computer gespeichert werden kann, wie Sie eine Website besuchen. Grundsätzlich werden Cookies verwendet, um Nutzer/innenzusätzliche Funktionen auf einer Website zu bieten. Sie können zum Beispielverwendet werden, um Ihnen die Navigation auf der Website zu erleichtern, es Ihnen zu ermöglichen, eine Website dort weiter zu verwenden, wie Sie sieverlassen haben und/oder Ihre Präferenzen und Einstellungen zu speichern, wenn Sie die Website wieder besuchen. Cookies können auf keine anderen Daten auf Ihrem Computer zugreifen, diese lesen oder verändern.</p>
<p>&nbsp;</p>
<p>Wenn Sie Cookies nicht akzeptieren möchten, ändern Sie bitte Ihre Browsereinstellung entsprechend. Beachten Sie, dass dadurch Funktionalitäten der Website eingeschränkt werden können.</p>
<p>&nbsp;</p>
<ol start="4">
<li>
<h5>Übermittlung Ihrer personenbezogenen Daten an Dritte</h5>
</li>
</ol>
<p>&nbsp;</p>
<p>Wir setzen zur sicheren Verarbeitung Ihrer personenbezogenen Daten sowie auf unserer Website auch Programme und Tools von Drittanbietern ein, mit welchen wir Auftragsverarbeitungsvereinbarungen abgeschlossen und damit sichergestellt haben, dass auch diese den Schutz Ihrer personenbezogenen Daten im Sinne der DSGVO gewährleisten. Dies betrifft folgende Anbieter:</p>
<ul>
<li>von eingesetzter IT-Dienstleister</li>
<li>Firma WebHostingPad als Hoster unserer Website</li>
<li>Google Analytics für die Analyse der Websitezugriffe</li>
<li>Mailchimp/Mailman für den Versand von Newslettern</li>
</ul>
<p>&nbsp;</p>
<ol start="5">
<li>
<h5>Ihre Rechte im Zusammenhang mit Ihren personenbezogenen Daten</h5>
</li>
</ol>
<p>&nbsp;</p>
<p>Ihnen stehen grundsätzlich die Rechte auf Auskunft, Berichtigung, Löschung, Einschränkung, Datenübertragbarkeit und Widerspruch zu. Dafür wenden Sie sich an uns:</p>
<p>Vereinigungskirche in Österreich (VKÖ)</p>
<p>Adresse: Seidengasse 28/4, 1070 Wien</p>
<p>Telefon: +43 664 5238 794</p>
<p>E-Mail: office@vereinigungskirche.at</p>
<p>&nbsp;</p>
<p>Wenn Sie der Meinung sind, dass die Verarbeitung Ihrer Daten gegen das Datenschutzrecht verstößt oder Ihre datenschutzrechtlichen Ansprüche sonst in einer Weise verletzt worden sind, haben Sie die Möglichkeit sich an die Datenschutzbehörde zu wenden.</p>
<p>&nbsp;</p>
<ol start="6">
<li>
<h5>Urheberrecht</h5>
</li>
</ol>
<p>&nbsp;</p>
<p>Der Inhalt dieser Homepage ist urheberrechtlich geschützt. Die Informationensind nur für die persönliche Verwendung bestimmt. Jede weitergehende Nutzung- insbesondere die Speicherung in Datenbanken, die Vervielfältigung und jede Form von gewerblicher Nutzung sowie die Weitergabe an Dritte (auch in Teilen oder in überarbeiteter Form) &#8211; ohne Zustimmung der Vereinigungskirche ist untersagt.</p>
<p>&nbsp;</p>
<ol start="7">
<li>
<h5>Haftungsausschluss</h5>
</li>
</ol>
<p>&nbsp;</p>
<p>Im Hinblick auf die technischen Eigenschaften des Internets kann keine Gewähr für die Authentizität, Richtigkeit und Vollständigkeit der im Internet zur Verfügung gestellten Informationen übernommen werden. Des Weiteren wird auch keine Gewähr für die Verfügbarkeit oder den Betrieb der gegenständlichen Homepage und ihrer Inhalte übernommen.</p>
<p>&nbsp;</p>
<p>Jede Haftung für unmittelbare, mittelbare oder sonstige Schäden, unabhängig von deren Ursachen, die aus der Benutzung oder Nichtverfügbarkeit der Daten und Informationen dieser Homepage erwachsen, wird, soweit rechtlich zulässig, ausgeschlossen.</p>
<p>&nbsp;</p>
<p>Die Vereinigungskirche weist darauf hin, dass für die Inhalte der Hyperlinks keine Verantwortung und keine Haftung übernommen wird. Jede Einbindung einzelner Seiten oder sonstiger Auszüge von vereinigungskirche.at in fremde Frames ist untersagt.</p>
<p>&nbsp;</p>
<p>Die Vereinigungskirche überprüft andere Webseiten, zu denen sich direkte Zugangsmöglichkeiten (Links) auf den Vereinigungskirche-Internetseiten befinden, nicht hinsichtlich Inhalt und Gesetzmäßigkeit. Die Vereinigungskirche übernimmt keinen Einfluss auf die Gestaltung dieser Webseiten und distanziert sich ausdrücklich von den dort dargestellten, allenfalls ungesetzlichen Inhalten. Die Vereinigungskirche übernimmt darüber hinaus keine Verantwortung für solche Inhalte und haftet für derartige Inhalte auch nicht.</p>
<p>&nbsp;</p>
<p>&nbsp;</p>
<p><a href="https://vereinigungskirche.at/impressum/">Impressum</a></p>
<p>&nbsp;</p>
<p>&nbsp;</p>
<p>&nbsp;</p>

<p>Datenschutzerklärung &nbsp; Der Schutz Ihrer Daten ist uns wichtig. Wir wollen Sie daher an dieser Stelle darüber informieren, welche personenbezogenen Daten wir in unserer Vereinigungskirche zu welchem Zweck verarbeiten. &nbsp; Ihr Besuch auf unserer Website &nbsp; Die Vereinigungskirche ist für die inhaltliche Gestaltung der Website&#8230;</p>
